{"id":1032,"date":"2025-10-10T12:10:36","date_gmt":"2025-10-10T12:10:36","guid":{"rendered":"https:\/\/pfaddervisionaere.de\/?page_id=1032"},"modified":"2025-10-10T13:11:58","modified_gmt":"2025-10-10T13:11:58","slug":"oesterreich","status":"publish","type":"page","link":"https:\/\/pfaddervisionaere.de\/en\/oesterreich","title":{"rendered":"\u00d6sterreich"},"content":{"rendered":"<figure class=\"wp-block-image size-full\"><img loading=\"lazy\" decoding=\"async\" width=\"600\" height=\"400\" src=\"https:\/\/pfaddervisionaere.de\/wp-content\/uploads\/2025\/09\/Flag_of_Austria.png\" alt=\"\" class=\"wp-image-900\" srcset=\"https:\/\/pfaddervisionaere.de\/wp-content\/uploads\/2025\/09\/Flag_of_Austria.png 600w, https:\/\/pfaddervisionaere.de\/wp-content\/uploads\/2025\/09\/Flag_of_Austria-300x200.png 300w, https:\/\/pfaddervisionaere.de\/wp-content\/uploads\/2025\/09\/Flag_of_Austria-18x12.png 18w, https:\/\/pfaddervisionaere.de\/wp-content\/uploads\/2025\/09\/Flag_of_Austria-520x347.png 520w\" sizes=\"auto, (max-width: 600px) 100vw, 600px\" \/><\/figure>\n\n\n\n<p><em>For english version see below<\/em><\/p>\n\n\n\n<p><\/p>\n\n\n\n<p><strong>Die Butter wird immer teurer und keiner tut etwas! Ist das so?<\/strong><\/p>\n\n\n\n<p>Wussten Sie, dass die EU durch gemeinsame Agrarpolitik und den gemeinsamen Markt dazu beitr\u00e4gt, die Preise f\u00fcr landwirtschaftliche Produkte wie Butter stabil und niedriger zu halten als es ohne Regulierungen der Fall w\u00e4re? Es gibt Studien, die zeigen, dass die EU-Politik dazu beitr\u00e4gt, die Preise f\u00fcr landwirtschaftliche Produkte auf einem Niveau zu halten, das f\u00fcr Verbrauchende erschwinglich ist. Kurz gesagt: Es ist wahrscheinlich, dass die Butter in Deutschland ohne die EU teurer w\u00e4re, weil die gemeinsame Agrarpolitik und der Binnenmarkt Stabilit\u00e4t und niedrigere Preise f\u00f6rdern. Nat\u00fcrlich gibt es auch Diskussionen \u00fcber die Effizienz und die Auswirkungen der EU-Agrarpolitik. Da die L\u00e4nder nur einstimmig gr\u00f6\u00dfere Ver\u00e4nderungen durchsetzen k\u00f6nnen, ist die EU den Egoismen einzelner Staaten ausgeliefert und Kompromisse sind schwierig und langwierig.<\/p>\n\n\n\n<p>Nebenbei bemerkt: Die EU ist gro\u00dfer Landwirtschaftsexporteur in die Welt.<\/p>\n\n\n\n<p><\/p>\n\n\n\n<p><em>Sie befinden sich an der <strong>\u00f6sterreichischen Tafe<\/strong>l des PFAD DER VISION\u00c4RE (m\/w\/d).<\/em><\/p>\n\n\n\n<p><\/p>\n\n\n\n<p>\u00d6sterreich trat der EU am\u202f1. Januar\u202f1995 bei \u2013 zusammen mit Finnland und Schweden \u2013 und ist seither mitten im europ\u00e4ischen Miteinander.<\/p>\n\n\n\n<p>Wussten Sie, dass \u00d6sterreich nicht nur f\u00fcr Sachertorte und Berge bekannt ist? Es bringt den \u00e4ltesten Elektronenmikroskop-Hersteller sowiemit der Burg Hohenwerfen die gr\u00f6\u00dfte Burganlage Mitteleuropas hervor. Und wussten Sie, dass die klassische Musik dort wie Virtuosit\u00e4t flie\u00dft \u2013 viele ber\u00fchmte Musiker*innen stammen aus Wien.<br>Dank der EU-F\u00f6rderung wurde das steirische Dorf G\u00fcssing energieautark \u2013 mit Biomasse, Solarenergie und Windkraft. Heute ist es ein Vorzeigemodell f\u00fcr nachhaltige Energie weltweit.<\/p>\n\n\n\n<p><\/p>\n\n\n\n<p><strong>Was verbindet uns mit \u00d6sterreich?<\/strong><br>Als Berliner*innen profitieren wir etwa von der gemeinsamen Kultur-, Wissenschafts- und Alpenzusammenarbeit. Unsere St\u00e4dte teilen Festivals, Austausch und Tourismus \u2013 \u00d6sterreich ist ein greifbarer Partner in Alltag und Kultur.<\/p>\n\n\n\n<p>Europa steht aktuell vor gro\u00dfen Herausforderungen. ZUSAMMEN k\u00f6nnen wir die Herausforderungen BESSER bestehen\u2013 gemeinsam k\u00f6nnen wir mehr bewegen! Mischen Sie sich ein und sprechen Sie zum Beispiel Ihre EU-Beauftragten in den Bezirks\u00e4mtern an.<\/p>\n\n\n\n<p><\/p>\n\n\n\n<p><strong>Butter keeps getting more expensive and nobody does anything! Is that true?<br><\/strong>Did you know that the EU, through its <strong>Common Agricultural Policy<\/strong> and the <strong>Single Market<\/strong>, helps to keep prices for agricultural products like butter <strong>more stable and lower<\/strong> than they would be without regulation?<\/p>\n\n\n\n<p>Studies show that EU policies keep prices at an affordable level for consumers. In short: butter in Germany would likely be <strong>more expensive without the EU<\/strong>, because the common market brings stability and lower prices.<\/p>\n\n\n\n<p>Of course, there are ongoing debates about the efficiency and impact of EU agricultural policy. Since significant changes require unanimous approval from all member states, the EU is sometimes constrained by national interests, making compromise difficult and slow.<\/p>\n\n\n\n<p>By the way: the EU is a <strong>major agricultural exporter<\/strong> worldwide.<\/p>\n\n\n\n<p><\/p>\n\n\n\n<p><em>You are standing at the <strong>Austrian plaque<\/strong> of the PATH OF VISIONARIES.<\/em><\/p>\n\n\n\n<p><br>Austria joined the EU on January 1, 1995, together with Finland and Sweden, and has since been an integral part of European cooperation.<\/p>\n\n\n\n<p>Did you know that Austria is home not only to <strong>Sachertorte and mountains<\/strong>, but also to the <strong>oldest electron microscope manufacturer<\/strong>, and to <strong>Hohenwerfen Castle<\/strong>, the largest fortress complex in Central Europe? Austria has also given the world countless renowned classical musicians from Vienna.<\/p>\n\n\n\n<p>Thanks to EU funding, the village of <strong>G\u00fcssing<\/strong> in Styria became energy self-sufficient through biomass, solar and wind power. Today, it is an international model for sustainable energy.<\/p>\n\n\n\n<p><\/p>\n\n\n\n<p><strong>What connects us with Austria?<\/strong><br>Berliners benefit from close cooperation with Austria in culture, science and the Alpine region. Our cities share festivals, exchange programs and tourism \u2013 Austria is a tangible partner in everyday life and culture.<\/p>\n\n\n\n<p>Europe is currently facing major challenges. TOGETHER we can face them BETTER \u2013 united, we can achieve more! Get involved and talk to your EU representatives in the district offices, for example.<\/p>","protected":false},"excerpt":{"rendered":"<p>For english version see below Die Butter wird immer teurer und keiner tut etwas! Ist das so? Wussten Sie, dass die EU durch gemeinsame Agrarpolitik und&#46;&#46;&#46;<\/p>","protected":false},"author":2,"featured_media":0,"parent":0,"menu_order":0,"comment_status":"closed","ping_status":"closed","template":"","meta":{"ub_ctt_via":"","pgc_sgb_lightbox_settings":"","footnotes":""},"class_list":["post-1032","page","type-page","status-publish","hentry"],"featured_image_src":null,"_links":{"self":[{"href":"https:\/\/pfaddervisionaere.de\/en\/wp-json\/wp\/v2\/pages\/1032","targetHints":{"allow":["GET"]}}],"collection":[{"href":"https:\/\/pfaddervisionaere.de\/en\/wp-json\/wp\/v2\/pages"}],"about":[{"href":"https:\/\/pfaddervisionaere.de\/en\/wp-json\/wp\/v2\/types\/page"}],"author":[{"embeddable":true,"href":"https:\/\/pfaddervisionaere.de\/en\/wp-json\/wp\/v2\/users\/2"}],"replies":[{"embeddable":true,"href":"https:\/\/pfaddervisionaere.de\/en\/wp-json\/wp\/v2\/comments?post=1032"}],"version-history":[{"count":2,"href":"https:\/\/pfaddervisionaere.de\/en\/wp-json\/wp\/v2\/pages\/1032\/revisions"}],"predecessor-version":[{"id":1107,"href":"https:\/\/pfaddervisionaere.de\/en\/wp-json\/wp\/v2\/pages\/1032\/revisions\/1107"}],"wp:attachment":[{"href":"https:\/\/pfaddervisionaere.de\/en\/wp-json\/wp\/v2\/media?parent=1032"}],"curies":[{"name":"wp","href":"https:\/\/api.w.org\/{rel}","templated":true}]}}

Österreich

<figure class="wp-block-image size-full"><img loading="lazy" decoding="async" width="600" height="400" src="https://pfaddervisionaere.de/wp-content/uploads/2025/09/Flag_of_Austria.png" alt="" class="wp-image-900" srcset="https://pfaddervisionaere.de/wp-content/uploads/2025/09/Flag_of_Austria.png 600w, https://pfaddervisionaere.de/wp-content/uploads/2025/09/Flag_of_Austria-300x200.png 300w, https://pfaddervisionaere.de/wp-content/uploads/2025/09/Flag_of_Austria-18x12.png 18w, https://pfaddervisionaere.de/wp-content/uploads/2025/09/Flag_of_Austria-520x347.png 520w" sizes="auto, (max-width: 600px) 100vw, 600px" /></figure>



<p><em>For english version see below</em></p>



<p></p>



<p><strong>Die Butter wird immer teurer und keiner tut etwas! Ist das so?</strong></p>



<p>Wussten Sie, dass die EU durch gemeinsame Agrarpolitik und den gemeinsamen Markt dazu beiträgt, die Preise für landwirtschaftliche Produkte wie Butter stabil und niedriger zu halten als es ohne Regulierungen der Fall wäre? Es gibt Studien, die zeigen, dass die EU-Politik dazu beiträgt, die Preise für landwirtschaftliche Produkte auf einem Niveau zu halten, das für Verbrauchende erschwinglich ist. Kurz gesagt: Es ist wahrscheinlich, dass die Butter in Deutschland ohne die EU teurer wäre, weil die gemeinsame Agrarpolitik und der Binnenmarkt Stabilität und niedrigere Preise fördern. Natürlich gibt es auch Diskussionen über die Effizienz und die Auswirkungen der EU-Agrarpolitik. Da die Länder nur einstimmig größere Veränderungen durchsetzen können, ist die EU den Egoismen einzelner Staaten ausgeliefert und Kompromisse sind schwierig und langwierig.</p>



<p>Nebenbei bemerkt: Die EU ist großer Landwirtschaftsexporteur in die Welt.</p>



<p></p>



<p><em>Sie befinden sich an der <strong>österreichischen Tafe</strong>l des PFAD DER VISIONÄRE (m/w/d).</em></p>



<p></p>



<p>Österreich trat der EU am 1. Januar 1995 bei – zusammen mit Finnland und Schweden – und ist seither mitten im europäischen Miteinander.</p>



<p>Wussten Sie, dass Österreich nicht nur für Sachertorte und Berge bekannt ist? Es bringt den ältesten Elektronenmikroskop-Hersteller sowiemit der Burg Hohenwerfen die größte Burganlage Mitteleuropas hervor. Und wussten Sie, dass die klassische Musik dort wie Virtuosität fließt – viele berühmte Musiker*innen stammen aus Wien.<br>Dank der EU-Förderung wurde das steirische Dorf Güssing energieautark – mit Biomasse, Solarenergie und Windkraft. Heute ist es ein Vorzeigemodell für nachhaltige Energie weltweit.</p>



<p></p>



<p><strong>Was verbindet uns mit Österreich?</strong><br>Als Berliner*innen profitieren wir etwa von der gemeinsamen Kultur-, Wissenschafts- und Alpenzusammenarbeit. Unsere Städte teilen Festivals, Austausch und Tourismus – Österreich ist ein greifbarer Partner in Alltag und Kultur.</p>



<p>Europa steht aktuell vor großen Herausforderungen. ZUSAMMEN können wir die Herausforderungen BESSER bestehen– gemeinsam können wir mehr bewegen! Mischen Sie sich ein und sprechen Sie zum Beispiel Ihre EU-Beauftragten in den Bezirksämtern an.</p>



<p></p>



<p><strong>Butter keeps getting more expensive and nobody does anything! Is that true?<br></strong>Did you know that the EU, through its <strong>Common Agricultural Policy</strong> and the <strong>Single Market</strong>, helps to keep prices for agricultural products like butter <strong>more stable and lower</strong> than they would be without regulation?</p>



<p>Studies show that EU policies keep prices at an affordable level for consumers. In short: butter in Germany would likely be <strong>more expensive without the EU</strong>, because the common market brings stability and lower prices.</p>



<p>Of course, there are ongoing debates about the efficiency and impact of EU agricultural policy. Since significant changes require unanimous approval from all member states, the EU is sometimes constrained by national interests, making compromise difficult and slow.</p>



<p>By the way: the EU is a <strong>major agricultural exporter</strong> worldwide.</p>



<p></p>



<p><em>You are standing at the <strong>Austrian plaque</strong> of the PATH OF VISIONARIES.</em></p>



<p><br>Austria joined the EU on January 1, 1995, together with Finland and Sweden, and has since been an integral part of European cooperation.</p>



<p>Did you know that Austria is home not only to <strong>Sachertorte and mountains</strong>, but also to the <strong>oldest electron microscope manufacturer</strong>, and to <strong>Hohenwerfen Castle</strong>, the largest fortress complex in Central Europe? Austria has also given the world countless renowned classical musicians from Vienna.</p>



<p>Thanks to EU funding, the village of <strong>Güssing</strong> in Styria became energy self-sufficient through biomass, solar and wind power. Today, it is an international model for sustainable energy.</p>



<p></p>



<p><strong>What connects us with Austria?</strong><br>Berliners benefit from close cooperation with Austria in culture, science and the Alpine region. Our cities share festivals, exchange programs and tourism – Austria is a tangible partner in everyday life and culture.</p>



<p>Europe is currently facing major challenges. TOGETHER we can face them BETTER – united, we can achieve more! Get involved and talk to your EU representatives in the district offices, for example.</p>
