{"id":1030,"date":"2025-10-10T12:09:19","date_gmt":"2025-10-10T12:09:19","guid":{"rendered":"https:\/\/pfaddervisionaere.de\/?page_id=1030"},"modified":"2025-10-10T13:15:33","modified_gmt":"2025-10-10T13:15:33","slug":"spanien","status":"publish","type":"page","link":"https:\/\/pfaddervisionaere.de\/en\/spanien","title":{"rendered":"Spanien"},"content":{"rendered":"<figure class=\"wp-block-image size-full\"><img loading=\"lazy\" decoding=\"async\" width=\"600\" height=\"400\" src=\"https:\/\/pfaddervisionaere.de\/wp-content\/uploads\/2025\/09\/Flag_of_Spain.png\" alt=\"\" class=\"wp-image-908\" srcset=\"https:\/\/pfaddervisionaere.de\/wp-content\/uploads\/2025\/09\/Flag_of_Spain.png 600w, https:\/\/pfaddervisionaere.de\/wp-content\/uploads\/2025\/09\/Flag_of_Spain-300x200.png 300w, https:\/\/pfaddervisionaere.de\/wp-content\/uploads\/2025\/09\/Flag_of_Spain-18x12.png 18w, https:\/\/pfaddervisionaere.de\/wp-content\/uploads\/2025\/09\/Flag_of_Spain-520x347.png 520w\" sizes=\"auto, (max-width: 600px) 100vw, 600px\" \/><\/figure>\n\n\n\n<p><em>For english version see below<\/em><\/p>\n\n\n\n<p><\/p>\n\n\n\n<p><strong>In der EU-Politik wird zu viel geredet und zu wenig getan! Ist das so?<\/strong><\/p>\n\n\n\n<p>Wussten Sie, dass die EU oft langsam ist, weil sie gr\u00fcndlich, demokratisch und fair handeln will? Die Diskussionen sind wichtig, um fundierte Entscheidungen zu treffen, denn wenn die EU handelt, setzt sie Ma\u00dfst\u00e4be f\u00fcr \u00fcber 450 Millionen Menschen \u2013 sei es im Verbraucherschutz, der Klimapolitik oder den Menschenrechten. Konkrete Ma\u00dfnahmen, die die EU umgesetzt hat, sind zum Beispiel g\u00fcnstigeres Roaming oder einheitliche Ladekabel, einheitliche Vertragsverletzungsverfahren, u.v.m.<\/p>\n\n\n\n<p>Wenn wir es gemeinsam schaffen, das demokratische Mehrheitsprinzip in der EU einzuf\u00fchren, wird die EU zusammen auf allen Feldern schlagkr\u00e4ftiger. Einzelne Staaten und Interessengruppen m\u00fcssten dann aber sicher kurzfristige Nachteile f\u00fcr den gemeinsamen Gewinn hinnehmen.<\/p>\n\n\n\n<p><\/p>\n\n\n\n<p><em>Sie befinden sich an der <strong>spanischen Tafel<\/strong> des PFAD DER VISION\u00c4RE (m\/w\/d).<\/em><\/p>\n\n\n\n<p><\/p>\n\n\n\n<p>Spanien ist am\u202f1. Januar\u202f1986 Mitglied der EU geworden, zusammen mit Portugal.<\/p>\n\n\n\n<p>Wussten Sie, dass Spanien weit mehr als Paella und Flamenco zu bieten hat? So befindet sich hier zum Beispiel das gr\u00f6\u00dfte moderne Kunstmuseum, das Guggenheim Bilbao. Au\u00dferdem zieht Spaniens \u201eTomatina\u201c-Festival G\u00e4ste aus aller Welt an \u2013 Tomatenschlacht auf einem Stra\u00dfenmarkt!<br>Die EU finanzierte die Wiederherstellung der Alhambra-G\u00e4rten \u2013 heute bl\u00fchen dort EU-gepflegte Rosen aus dem 13. Jahrhundert.<\/p>\n\n\n\n<p><\/p>\n\n\n\n<p><strong>Was verbindet uns mit Spanien?<\/strong><br>Spanische Kultur \u2013 Musik, Tapas, Film \u2013 ist in Berlin lebendig. Zudem verbindet uns EU-Zusammenarbeit in den Themenfeldern Nachhaltigkeit, Mobilit\u00e4t (z.\u202fB. Fernbusnetze) und St\u00e4dtepartnerschaften. Viele Berliner*innen reisen nach Spanien, lernen dort Spanisch oder studieren \u2013 echte europ\u00e4ische Freundschaft!<\/p>\n\n\n\n<p>Europa steht aktuell vor gro\u00dfen Herausforderungen. ZUSAMMEN k\u00f6nnen wir die Herausforderungen BESSER bestehen\u2013 gemeinsam k\u00f6nnen wir mehr bewegen! Mischen Sie sich ein und sprechen Sie zum Beispiel Ihre EU-Beauftragten in den Bezirks\u00e4mtern an.<\/p>\n\n\n\n<p><\/p>\n\n\n\n<p><strong>In EU politics, there\u2019s too much talk and too little action! Is that true?<br><\/strong>Did you know that the EU is often slow because it strives to act thoroughly, democratically and fairly? Debate is essential to make well-founded decisions \u2014 because when the EU acts, it sets standards for over <strong>450 million people<\/strong>: whether in consumer protection, climate policy or human rights.<\/p>\n\n\n\n<p>Examples of concrete EU action include <strong>cheaper roaming<\/strong>, <strong>standardized charging cables<\/strong>, and <strong>harmonized legal procedures<\/strong> across member states.<\/p>\n\n\n\n<p>If we manage to introduce <strong>majority voting<\/strong> at the EU level, the Union would become more decisive across all policy areas. This would, however, require individual states and interest groups to accept some short-term sacrifices for long-term collective benefits.<\/p>\n\n\n\n<p><\/p>\n\n\n\n<p><em>You are standing at the <strong>Spanish plaque<\/strong> of the PATH OF VISIONARIES.<\/em><br><\/p>\n\n\n\n<p>Spain joined the EU on January 1, 1986, along with Portugal.<\/p>\n\n\n\n<p>Did you know that Spain offers much more than Paella and Flamenco? It is home to the <strong>Guggenheim Museum in Bilbao<\/strong>, one of the largest modern art museums in the world. Spain\u2019s famous <strong>\u201cTomatina\u201d festival<\/strong> draws visitors from all over the world for a giant tomato fight in the streets!<\/p>\n\n\n\n<p>EU funding helped to restore the <strong>Alhambra gardens<\/strong> \u2013 today, roses originally planted in the 13th century bloom again, thanks to EU care.<\/p>\n\n\n\n<p><\/p>\n\n\n\n<p><strong>What connects us with Spain?<\/strong><br>Spanish culture \u2013 music, tapas, film \u2013 thrives in Berlin. We are also connected through EU cooperation on sustainability, mobility (e.g. long-distance bus networks) and city partnerships. Many Berliners travel to Spain, learn Spanish, or study there \u2013 true European friendship!<\/p>\n\n\n\n<p>Europe is currently facing major challenges. TOGETHER we can face them BETTER \u2013 united, we can achieve more! Get involved and talk to your EU representatives in the district offices, for example.<\/p>","protected":false},"excerpt":{"rendered":"<p>For english version see below In der EU-Politik wird zu viel geredet und zu wenig getan! Ist das so? Wussten Sie, dass die EU oft langsam&#46;&#46;&#46;<\/p>","protected":false},"author":2,"featured_media":0,"parent":0,"menu_order":0,"comment_status":"closed","ping_status":"closed","template":"","meta":{"ub_ctt_via":"","pgc_sgb_lightbox_settings":"","footnotes":""},"class_list":["post-1030","page","type-page","status-publish","hentry"],"featured_image_src":null,"_links":{"self":[{"href":"https:\/\/pfaddervisionaere.de\/en\/wp-json\/wp\/v2\/pages\/1030","targetHints":{"allow":["GET"]}}],"collection":[{"href":"https:\/\/pfaddervisionaere.de\/en\/wp-json\/wp\/v2\/pages"}],"about":[{"href":"https:\/\/pfaddervisionaere.de\/en\/wp-json\/wp\/v2\/types\/page"}],"author":[{"embeddable":true,"href":"https:\/\/pfaddervisionaere.de\/en\/wp-json\/wp\/v2\/users\/2"}],"replies":[{"embeddable":true,"href":"https:\/\/pfaddervisionaere.de\/en\/wp-json\/wp\/v2\/comments?post=1030"}],"version-history":[{"count":2,"href":"https:\/\/pfaddervisionaere.de\/en\/wp-json\/wp\/v2\/pages\/1030\/revisions"}],"predecessor-version":[{"id":1114,"href":"https:\/\/pfaddervisionaere.de\/en\/wp-json\/wp\/v2\/pages\/1030\/revisions\/1114"}],"wp:attachment":[{"href":"https:\/\/pfaddervisionaere.de\/en\/wp-json\/wp\/v2\/media?parent=1030"}],"curies":[{"name":"wp","href":"https:\/\/api.w.org\/{rel}","templated":true}]}}

<figure class="wp-block-image size-full"><img loading="lazy" decoding="async" width="600" height="400" src="https://pfaddervisionaere.de/wp-content/uploads/2025/09/Flag_of_Spain.png" alt="" class="wp-image-908" srcset="https://pfaddervisionaere.de/wp-content/uploads/2025/09/Flag_of_Spain.png 600w, https://pfaddervisionaere.de/wp-content/uploads/2025/09/Flag_of_Spain-300x200.png 300w, https://pfaddervisionaere.de/wp-content/uploads/2025/09/Flag_of_Spain-18x12.png 18w, https://pfaddervisionaere.de/wp-content/uploads/2025/09/Flag_of_Spain-520x347.png 520w" sizes="auto, (max-width: 600px) 100vw, 600px" /></figure>



<p><em>For english version see below</em></p>



<p></p>



<p><strong>In der EU-Politik wird zu viel geredet und zu wenig getan! Ist das so?</strong></p>



<p>Wussten Sie, dass die EU oft langsam ist, weil sie gründlich, demokratisch und fair handeln will? Die Diskussionen sind wichtig, um fundierte Entscheidungen zu treffen, denn wenn die EU handelt, setzt sie Maßstäbe für über 450 Millionen Menschen – sei es im Verbraucherschutz, der Klimapolitik oder den Menschenrechten. Konkrete Maßnahmen, die die EU umgesetzt hat, sind zum Beispiel günstigeres Roaming oder einheitliche Ladekabel, einheitliche Vertragsverletzungsverfahren, u.v.m.</p>



<p>Wenn wir es gemeinsam schaffen, das demokratische Mehrheitsprinzip in der EU einzuführen, wird die EU zusammen auf allen Feldern schlagkräftiger. Einzelne Staaten und Interessengruppen müssten dann aber sicher kurzfristige Nachteile für den gemeinsamen Gewinn hinnehmen.</p>



<p></p>



<p><em>Sie befinden sich an der <strong>spanischen Tafel</strong> des PFAD DER VISIONÄRE (m/w/d).</em></p>



<p></p>



<p>Spanien ist am 1. Januar 1986 Mitglied der EU geworden, zusammen mit Portugal.</p>



<p>Wussten Sie, dass Spanien weit mehr als Paella und Flamenco zu bieten hat? So befindet sich hier zum Beispiel das größte moderne Kunstmuseum, das Guggenheim Bilbao. Außerdem zieht Spaniens „Tomatina“-Festival Gäste aus aller Welt an – Tomatenschlacht auf einem Straßenmarkt!<br>Die EU finanzierte die Wiederherstellung der Alhambra-Gärten – heute blühen dort EU-gepflegte Rosen aus dem 13. Jahrhundert.</p>



<p></p>



<p><strong>Was verbindet uns mit Spanien?</strong><br>Spanische Kultur – Musik, Tapas, Film – ist in Berlin lebendig. Zudem verbindet uns EU-Zusammenarbeit in den Themenfeldern Nachhaltigkeit, Mobilität (z. B. Fernbusnetze) und Städtepartnerschaften. Viele Berliner*innen reisen nach Spanien, lernen dort Spanisch oder studieren – echte europäische Freundschaft!</p>



<p>Europa steht aktuell vor großen Herausforderungen. ZUSAMMEN können wir die Herausforderungen BESSER bestehen– gemeinsam können wir mehr bewegen! Mischen Sie sich ein und sprechen Sie zum Beispiel Ihre EU-Beauftragten in den Bezirksämtern an.</p>



<p></p>



<p><strong>In EU politics, there’s too much talk and too little action! Is that true?<br></strong>Did you know that the EU is often slow because it strives to act thoroughly, democratically and fairly? Debate is essential to make well-founded decisions — because when the EU acts, it sets standards for over <strong>450 million people</strong>: whether in consumer protection, climate policy or human rights.</p>



<p>Examples of concrete EU action include <strong>cheaper roaming</strong>, <strong>standardized charging cables</strong>, and <strong>harmonized legal procedures</strong> across member states.</p>



<p>If we manage to introduce <strong>majority voting</strong> at the EU level, the Union would become more decisive across all policy areas. This would, however, require individual states and interest groups to accept some short-term sacrifices for long-term collective benefits.</p>



<p></p>



<p><em>You are standing at the <strong>Spanish plaque</strong> of the PATH OF VISIONARIES.</em><br></p>



<p>Spain joined the EU on January 1, 1986, along with Portugal.</p>



<p>Did you know that Spain offers much more than Paella and Flamenco? It is home to the <strong>Guggenheim Museum in Bilbao</strong>, one of the largest modern art museums in the world. Spain’s famous <strong>“Tomatina” festival</strong> draws visitors from all over the world for a giant tomato fight in the streets!</p>



<p>EU funding helped to restore the <strong>Alhambra gardens</strong> – today, roses originally planted in the 13th century bloom again, thanks to EU care.</p>



<p></p>



<p><strong>What connects us with Spain?</strong><br>Spanish culture – music, tapas, film – thrives in Berlin. We are also connected through EU cooperation on sustainability, mobility (e.g. long-distance bus networks) and city partnerships. Many Berliners travel to Spain, learn Spanish, or study there – true European friendship!</p>



<p>Europe is currently facing major challenges. TOGETHER we can face them BETTER – united, we can achieve more! Get involved and talk to your EU representatives in the district offices, for example.</p>
