{"id":1028,"date":"2025-10-10T12:07:50","date_gmt":"2025-10-10T12:07:50","guid":{"rendered":"https:\/\/pfaddervisionaere.de\/?page_id=1028"},"modified":"2025-10-10T13:12:55","modified_gmt":"2025-10-10T13:12:55","slug":"portugal","status":"publish","type":"page","link":"https:\/\/pfaddervisionaere.de\/en\/portugal","title":{"rendered":"Portugal"},"content":{"rendered":"<figure class=\"wp-block-image size-full\"><img loading=\"lazy\" decoding=\"async\" width=\"600\" height=\"400\" src=\"https:\/\/pfaddervisionaere.de\/wp-content\/uploads\/2025\/09\/Flag_of_Portugal.png\" alt=\"\" class=\"wp-image-903\" srcset=\"https:\/\/pfaddervisionaere.de\/wp-content\/uploads\/2025\/09\/Flag_of_Portugal.png 600w, https:\/\/pfaddervisionaere.de\/wp-content\/uploads\/2025\/09\/Flag_of_Portugal-300x200.png 300w, https:\/\/pfaddervisionaere.de\/wp-content\/uploads\/2025\/09\/Flag_of_Portugal-18x12.png 18w, https:\/\/pfaddervisionaere.de\/wp-content\/uploads\/2025\/09\/Flag_of_Portugal-520x347.png 520w\" sizes=\"auto, (max-width: 600px) 100vw, 600px\" \/><\/figure>\n\n\n\n<p><em>For english version see below<\/em><\/p>\n\n\n\n<p><\/p>\n\n\n\n<p><strong>Die EU f\u00fchrt dazu, dass strukturschwache Regionen noch weiter abgeh\u00e4ngt werden! Ist das so?<\/strong><\/p>\n\n\n\n<p>Wussten Sie, dass die Europ\u00e4ische Union gezielt F\u00f6rderprogramme einsetzt, um genau diese Regionen zu unterst\u00fctzen? Zum Beispiel gibt es den Europ\u00e4ischen Fonds f\u00fcr regionale Entwicklung (EFRE) und den Europ\u00e4ischen Sozialfonds (ESF), die darauf abzielen, wirtschaftliche Ungleichheiten zu verringern und die Infrastruktur in weniger entwickelten Gebieten zu verbessern.<\/p>\n\n\n\n<p>Konkrete Ma\u00dfnahmen sind zum Beispiel die Schaffung von Arbeitspl\u00e4tzen, der Ausbau der Infrastruktur und die F\u00f6rderung von Innovationen in strukturschwachen Regionen, Schaffung von Tourismusstrukturen. Allerdings ist der Erfolg nicht \u00fcberall gleich, und manchmal dauert es l\u00e4nger, bis die positiven Effekte sichtbar werden.<\/p>\n\n\n\n<p><\/p>\n\n\n\n<p><em>Sie befinden sich an der <strong>portugiesischen Tafel<\/strong> des PFAD DER VISION\u00c4RE (m\/w\/d).<\/em><\/p>\n\n\n\n<p><\/p>\n\n\n\n<p>Portugal ist seit dem 1. Januar 1986 Mitglied der EU \u2013 zusammen mit Spanien.<\/p>\n\n\n\n<p>Wussten Sie, dass Portugal Europas \u00e4lteste Buchhandlung (seit 1732!) in Lissabon besitzt \u2013 und eine der l\u00e4ngsten Br\u00fccken Europas hat: die Vasco-da-Gama-Br\u00fccke mit \u00fcber 17\u202fkm? Au\u00dferdem ist der \u201eFado\u201c, der portugiesische melancholische Gesang, UNESCO-Weltkulturerbe.<br>EU-F\u00f6rderung erm\u00f6glichte die Wiederbelebung alter Bahnstrecken \u2013 heute tuckert ein EU-finanzierter Nostalgiezug durch die Douro-Weinregion.<\/p>\n\n\n\n<p><\/p>\n\n\n\n<p><strong>Was verbindet uns?<\/strong><br>In Berlin ist portugiesische Kultur sichtbar \u2013 in Restaurants, Literatur und Musik. Auch bei Energie (Windkraft), Digitalisierung und Meeresschutz arbeiten Portugal und Deutschland in der EU eng zusammen. Erasmus und Tourismus verst\u00e4rken die Verbindung.<\/p>\n\n\n\n<p>Europa steht aktuell vor gro\u00dfen Herausforderungen. ZUSAMMEN k\u00f6nnen wir die Herausforderungen BESSER bestehen\u2013 gemeinsam k\u00f6nnen wir mehr bewegen! Mischen Sie sich ein und sprechen Sie zum Beispiel Ihre EU-Beauftragten in den Bezirks\u00e4mtern an.<\/p>\n\n\n\n<p><\/p>\n\n\n\n<p><strong>The EU causes economically weaker regions to fall even further behind! Is that true?<\/strong><br>Did you know that the European Union has targeted funding programs to <strong>support exactly these regions<\/strong>? For example, the <strong>European Regional Development Fund (ERDF)<\/strong> and the <strong>European Social Fund (ESF)<\/strong> aim to reduce economic disparities and improve infrastructure in less developed areas.<\/p>\n\n\n\n<p>Concrete measures include the creation of jobs, infrastructure development and the promotion of innovation in structurally weak regions, including investments in tourism structures. Success is not immediate everywhere, and in some regions it takes time before the positive effects become visible.<\/p>\n\n\n\n<p><\/p>\n\n\n\n<p><em>You are standing at the <strong>Portuguese plaque<\/strong> of the PATH OF VISIONARIES.<\/em><br><\/p>\n\n\n\n<p>Portugal has been a member of the EU since January 1, 1986 \u2013 along with Spain.<\/p>\n\n\n\n<p>Did you know that Portugal is home to <strong>Europe\u2019s oldest bookshop<\/strong> (since 1732!) in Lisbon, and to one of Europe\u2019s longest bridges \u2013 the <strong>Vasco da Gama Bridge<\/strong>, which stretches over 17 km? The traditional Portuguese singing style <strong>Fado<\/strong> is listed as UNESCO Intangible Cultural Heritage.<\/p>\n\n\n\n<p>EU funding helped to revive old railway lines \u2013 today, a nostalgic EU-financed train winds through the Douro wine region.<\/p>\n\n\n\n<p><\/p>\n\n\n\n<p><strong>What connects us?<\/strong><br>Portuguese culture is visible all across Berlin \u2013 in restaurants, literature and music. Portugal and Germany cooperate closely within the EU on energy (wind power), digitalization and marine protection. Erasmus programs and tourism strengthen these connections even further.<\/p>\n\n\n\n<p>Europe is currently facing major challenges. TOGETHER we can face them BETTER \u2013 united, we can achieve more! Get involved and talk to your EU representatives in the district offices, for example.<\/p>","protected":false},"excerpt":{"rendered":"<p>For english version see below Die EU f\u00fchrt dazu, dass strukturschwache Regionen noch weiter abgeh\u00e4ngt werden! Ist das so? Wussten Sie, dass die Europ\u00e4ische Union gezielt&#46;&#46;&#46;<\/p>","protected":false},"author":2,"featured_media":0,"parent":0,"menu_order":0,"comment_status":"closed","ping_status":"closed","template":"","meta":{"ub_ctt_via":"","pgc_sgb_lightbox_settings":"","footnotes":""},"class_list":["post-1028","page","type-page","status-publish","hentry"],"featured_image_src":null,"_links":{"self":[{"href":"https:\/\/pfaddervisionaere.de\/en\/wp-json\/wp\/v2\/pages\/1028","targetHints":{"allow":["GET"]}}],"collection":[{"href":"https:\/\/pfaddervisionaere.de\/en\/wp-json\/wp\/v2\/pages"}],"about":[{"href":"https:\/\/pfaddervisionaere.de\/en\/wp-json\/wp\/v2\/types\/page"}],"author":[{"embeddable":true,"href":"https:\/\/pfaddervisionaere.de\/en\/wp-json\/wp\/v2\/users\/2"}],"replies":[{"embeddable":true,"href":"https:\/\/pfaddervisionaere.de\/en\/wp-json\/wp\/v2\/comments?post=1028"}],"version-history":[{"count":2,"href":"https:\/\/pfaddervisionaere.de\/en\/wp-json\/wp\/v2\/pages\/1028\/revisions"}],"predecessor-version":[{"id":1109,"href":"https:\/\/pfaddervisionaere.de\/en\/wp-json\/wp\/v2\/pages\/1028\/revisions\/1109"}],"wp:attachment":[{"href":"https:\/\/pfaddervisionaere.de\/en\/wp-json\/wp\/v2\/media?parent=1028"}],"curies":[{"name":"wp","href":"https:\/\/api.w.org\/{rel}","templated":true}]}}

<figure class="wp-block-image size-full"><img loading="lazy" decoding="async" width="600" height="400" src="https://pfaddervisionaere.de/wp-content/uploads/2025/09/Flag_of_Portugal.png" alt="" class="wp-image-903" srcset="https://pfaddervisionaere.de/wp-content/uploads/2025/09/Flag_of_Portugal.png 600w, https://pfaddervisionaere.de/wp-content/uploads/2025/09/Flag_of_Portugal-300x200.png 300w, https://pfaddervisionaere.de/wp-content/uploads/2025/09/Flag_of_Portugal-18x12.png 18w, https://pfaddervisionaere.de/wp-content/uploads/2025/09/Flag_of_Portugal-520x347.png 520w" sizes="auto, (max-width: 600px) 100vw, 600px" /></figure>



<p><em>For english version see below</em></p>



<p></p>



<p><strong>Die EU führt dazu, dass strukturschwache Regionen noch weiter abgehängt werden! Ist das so?</strong></p>



<p>Wussten Sie, dass die Europäische Union gezielt Förderprogramme einsetzt, um genau diese Regionen zu unterstützen? Zum Beispiel gibt es den Europäischen Fonds für regionale Entwicklung (EFRE) und den Europäischen Sozialfonds (ESF), die darauf abzielen, wirtschaftliche Ungleichheiten zu verringern und die Infrastruktur in weniger entwickelten Gebieten zu verbessern.</p>



<p>Konkrete Maßnahmen sind zum Beispiel die Schaffung von Arbeitsplätzen, der Ausbau der Infrastruktur und die Förderung von Innovationen in strukturschwachen Regionen, Schaffung von Tourismusstrukturen. Allerdings ist der Erfolg nicht überall gleich, und manchmal dauert es länger, bis die positiven Effekte sichtbar werden.</p>



<p></p>



<p><em>Sie befinden sich an der <strong>portugiesischen Tafel</strong> des PFAD DER VISIONÄRE (m/w/d).</em></p>



<p></p>



<p>Portugal ist seit dem 1. Januar 1986 Mitglied der EU – zusammen mit Spanien.</p>



<p>Wussten Sie, dass Portugal Europas älteste Buchhandlung (seit 1732!) in Lissabon besitzt – und eine der längsten Brücken Europas hat: die Vasco-da-Gama-Brücke mit über 17 km? Außerdem ist der „Fado“, der portugiesische melancholische Gesang, UNESCO-Weltkulturerbe.<br>EU-Förderung ermöglichte die Wiederbelebung alter Bahnstrecken – heute tuckert ein EU-finanzierter Nostalgiezug durch die Douro-Weinregion.</p>



<p></p>



<p><strong>Was verbindet uns?</strong><br>In Berlin ist portugiesische Kultur sichtbar – in Restaurants, Literatur und Musik. Auch bei Energie (Windkraft), Digitalisierung und Meeresschutz arbeiten Portugal und Deutschland in der EU eng zusammen. Erasmus und Tourismus verstärken die Verbindung.</p>



<p>Europa steht aktuell vor großen Herausforderungen. ZUSAMMEN können wir die Herausforderungen BESSER bestehen– gemeinsam können wir mehr bewegen! Mischen Sie sich ein und sprechen Sie zum Beispiel Ihre EU-Beauftragten in den Bezirksämtern an.</p>



<p></p>



<p><strong>The EU causes economically weaker regions to fall even further behind! Is that true?</strong><br>Did you know that the European Union has targeted funding programs to <strong>support exactly these regions</strong>? For example, the <strong>European Regional Development Fund (ERDF)</strong> and the <strong>European Social Fund (ESF)</strong> aim to reduce economic disparities and improve infrastructure in less developed areas.</p>



<p>Concrete measures include the creation of jobs, infrastructure development and the promotion of innovation in structurally weak regions, including investments in tourism structures. Success is not immediate everywhere, and in some regions it takes time before the positive effects become visible.</p>



<p></p>



<p><em>You are standing at the <strong>Portuguese plaque</strong> of the PATH OF VISIONARIES.</em><br></p>



<p>Portugal has been a member of the EU since January 1, 1986 – along with Spain.</p>



<p>Did you know that Portugal is home to <strong>Europe’s oldest bookshop</strong> (since 1732!) in Lisbon, and to one of Europe’s longest bridges – the <strong>Vasco da Gama Bridge</strong>, which stretches over 17 km? The traditional Portuguese singing style <strong>Fado</strong> is listed as UNESCO Intangible Cultural Heritage.</p>



<p>EU funding helped to revive old railway lines – today, a nostalgic EU-financed train winds through the Douro wine region.</p>



<p></p>



<p><strong>What connects us?</strong><br>Portuguese culture is visible all across Berlin – in restaurants, literature and music. Portugal and Germany cooperate closely within the EU on energy (wind power), digitalization and marine protection. Erasmus programs and tourism strengthen these connections even further.</p>



<p>Europe is currently facing major challenges. TOGETHER we can face them BETTER – united, we can achieve more! Get involved and talk to your EU representatives in the district offices, for example.</p>

<p>For english version see below Die EU führt dazu, dass strukturschwache Regionen noch weiter abgehängt werden! Ist das so? Wussten Sie, dass die Europäische Union gezielt&#46;&#46;&#46;</p>
