{"id":1026,"date":"2025-10-10T12:06:17","date_gmt":"2025-10-10T12:06:17","guid":{"rendered":"https:\/\/pfaddervisionaere.de\/?page_id=1026"},"modified":"2025-10-10T13:07:14","modified_gmt":"2025-10-10T13:07:14","slug":"griechenland","status":"publish","type":"page","link":"https:\/\/pfaddervisionaere.de\/en\/griechenland","title":{"rendered":"Griechenland"},"content":{"rendered":"<figure class=\"wp-block-image size-full\"><img loading=\"lazy\" decoding=\"async\" width=\"600\" height=\"400\" src=\"https:\/\/pfaddervisionaere.de\/wp-content\/uploads\/2025\/09\/Flag_of_Greece.png\" alt=\"\" class=\"wp-image-890\" srcset=\"https:\/\/pfaddervisionaere.de\/wp-content\/uploads\/2025\/09\/Flag_of_Greece.png 600w, https:\/\/pfaddervisionaere.de\/wp-content\/uploads\/2025\/09\/Flag_of_Greece-300x200.png 300w, https:\/\/pfaddervisionaere.de\/wp-content\/uploads\/2025\/09\/Flag_of_Greece-18x12.png 18w, https:\/\/pfaddervisionaere.de\/wp-content\/uploads\/2025\/09\/Flag_of_Greece-520x347.png 520w\" sizes=\"auto, (max-width: 600px) 100vw, 600px\" \/><\/figure>\n\n\n\n<p><em>For english version see below<\/em><\/p>\n\n\n\n<p><\/p>\n\n\n\n<p><strong>In der EU profitieren nur \u201edie da oben\u201c! Ist das so?<\/strong><\/p>\n\n\n\n<p>Die EU wurde aus den Erfahrungen zweier Weltkriege gegr\u00fcndet. Frieden, Stabilit\u00e4t und Wohlstand kann auf Dauer nur gemeinsam und f\u00fcr alle geschaffen werden. Dies funktioniert nur, wenn gleiche Rechte gelten und die Schwachen der Gesellschaft nicht allein gelassen werden<em>.<\/em><\/p>\n\n\n\n<p>Zahlreiche Programme und Initiativen, sorgen daf\u00fcr, dass sich die Lebensqualit\u00e4t f\u00fcr die EU-B\u00fcrger*innen verbessert, das Wirtschaftswachstums gef\u00f6rdert wird und benachteiligte Regionen mit Regionalfonds unterst\u00fctzt werden. Auch Kieze in Berlin, die besondere soziale Herausforderungen haben, werden mit besonderen EU-Programmen, wie dem Quartiersmanagement gef\u00f6rdert. Somit ist die EU darauf ausgelegt, den Wohlstand f\u00fcr m\u00f6glichst viele Menschen zu erh\u00f6hen und den weniger privilegierten Gruppen zu helfen.<\/p>\n\n\n\n<p><\/p>\n\n\n\n<p><em>Sie befinden sich an der <strong>griechischen Tafel<\/strong> des PFAD DER VISION\u00c4RE (m\/w\/d).<\/em><\/p>\n\n\n\n<p><\/p>\n\n\n\n<p>Griechenland ist am 1. Januar 1981 der EU beigetreten \u2013 als erstes Land S\u00fcdosteuropas.<\/p>\n\n\n\n<p>Wussten Sie, dass Griechenland \u00fcber 6\u202f000 Inseln hat? Bewohnt sind nur etwa 200. Es ist der gr\u00f6\u00dfte Produzent von Schw\u00e4mmen in Europa und hat keine einzige W\u00fcste, aber rund 250 Sonnentage im Jahr. Die griechische Sprache ist eine der \u00e4ltesten, die heute noch gesprochen wird.<br>Mit EU-Mitteln wurde die Akropolis beleuchtet \u2013 heute strahlt sie in energieeffizientem LED-Licht und ist ein Symbol f\u00fcr die moderne Antike.<\/p>\n\n\n\n<p><\/p>\n\n\n\n<p><strong>Was verbindet uns?<\/strong><br>Antike trifft Gegenwart: Griechische Kultur pr\u00e4gt auch unser Bildungssystem. In der EU arbeiten wir z.\u202fB. bei Migrationsfragen, Klimaschutz und Tourismus eng zusammen. Viele Berliner*innen reisen nach Griechenland \u2013 oder haben famili\u00e4re Wurzeln dort.<\/p>\n\n\n\n<p>Europa steht aktuell vor gro\u00dfen Herausforderungen. ZUSAMMEN k\u00f6nnen wir die Herausforderungen BESSER bestehen\u2013 gemeinsam k\u00f6nnen wir mehr bewegen! Mischen Sie sich ein und sprechen Sie zum Beispiel Ihre EU-Beauftragten in den Bezirks\u00e4mtern an.<\/p>\n\n\n\n<p><\/p>\n\n\n\n<p><strong>In the EU, only \u201cthose at the top\u201d benefit! Is that true?<br><\/strong>The EU was founded in response to the experiences of two world wars. Peace, stability and prosperity can only be built in the long term if they are created <strong>together and for everyone<\/strong>. This only works when equal rights apply and the most vulnerable in society are not left behind.<\/p>\n\n\n\n<p>Numerous programs and initiatives help to improve the quality of life for EU citizens, boost economic growth and support disadvantaged regions through regional funds. Even neighborhoods in Berlin that face particular social challenges receive targeted EU support through programs such as <strong>\u201cQuartiersmanagement\u201d (neighborhood management)<\/strong>. The EU is designed to increase prosperity for as many people as possible and to support less privileged groups.<\/p>\n\n\n\n<p><\/p>\n\n\n\n<p><em>You are standing at the <strong>Greek plaque<\/strong> of the PATH OF VISIONARIES.<\/em><br><\/p>\n\n\n\n<p>Greece joined the EU on January 1, 1981 \u2013 the first country in Southeastern Europe to do so.<\/p>\n\n\n\n<p>Did you know that Greece has over <strong>6,000 islands<\/strong>, of which only around 200 are inhabited? It is Europe\u2019s largest producer of natural sponges, has no deserts, and enjoys around <strong>250 days of sunshine per year<\/strong>. The Greek language is one of the oldest languages still spoken today.<\/p>\n\n\n\n<p>EU funding made it possible to illuminate the <strong>Acropolis<\/strong> \u2013 today it shines in energy-efficient LED light and has become a symbol of \u201cmodern antiquity.\u201d<\/p>\n\n\n\n<p><\/p>\n\n\n\n<p><strong>What connects us?<\/strong><br>Ancient meets modern: Greek culture also shapes our education system. Within the EU, Germany and Greece work closely together on migration issues, climate protection and tourism. Many Berliners travel to Greece \u2013 or have family roots there.<\/p>\n\n\n\n<p>Europe is currently facing major challenges. TOGETHER we can face them BETTER \u2013 united, we can achieve more! Get involved and talk to your EU representatives in the district offices, for example.<\/p>","protected":false},"excerpt":{"rendered":"<p>For english version see below In der EU profitieren nur \u201edie da oben\u201c! Ist das so? Die EU wurde aus den Erfahrungen zweier Weltkriege gegr\u00fcndet. Frieden,&#46;&#46;&#46;<\/p>","protected":false},"author":2,"featured_media":0,"parent":0,"menu_order":0,"comment_status":"closed","ping_status":"closed","template":"","meta":{"ub_ctt_via":"","pgc_sgb_lightbox_settings":"","footnotes":""},"class_list":["post-1026","page","type-page","status-publish","hentry"],"featured_image_src":null,"_links":{"self":[{"href":"https:\/\/pfaddervisionaere.de\/en\/wp-json\/wp\/v2\/pages\/1026","targetHints":{"allow":["GET"]}}],"collection":[{"href":"https:\/\/pfaddervisionaere.de\/en\/wp-json\/wp\/v2\/pages"}],"about":[{"href":"https:\/\/pfaddervisionaere.de\/en\/wp-json\/wp\/v2\/types\/page"}],"author":[{"embeddable":true,"href":"https:\/\/pfaddervisionaere.de\/en\/wp-json\/wp\/v2\/users\/2"}],"replies":[{"embeddable":true,"href":"https:\/\/pfaddervisionaere.de\/en\/wp-json\/wp\/v2\/comments?post=1026"}],"version-history":[{"count":2,"href":"https:\/\/pfaddervisionaere.de\/en\/wp-json\/wp\/v2\/pages\/1026\/revisions"}],"predecessor-version":[{"id":1098,"href":"https:\/\/pfaddervisionaere.de\/en\/wp-json\/wp\/v2\/pages\/1026\/revisions\/1098"}],"wp:attachment":[{"href":"https:\/\/pfaddervisionaere.de\/en\/wp-json\/wp\/v2\/media?parent=1026"}],"curies":[{"name":"wp","href":"https:\/\/api.w.org\/{rel}","templated":true}]}}

<figure class="wp-block-image size-full"><img loading="lazy" decoding="async" width="600" height="400" src="https://pfaddervisionaere.de/wp-content/uploads/2025/09/Flag_of_Greece.png" alt="" class="wp-image-890" srcset="https://pfaddervisionaere.de/wp-content/uploads/2025/09/Flag_of_Greece.png 600w, https://pfaddervisionaere.de/wp-content/uploads/2025/09/Flag_of_Greece-300x200.png 300w, https://pfaddervisionaere.de/wp-content/uploads/2025/09/Flag_of_Greece-18x12.png 18w, https://pfaddervisionaere.de/wp-content/uploads/2025/09/Flag_of_Greece-520x347.png 520w" sizes="auto, (max-width: 600px) 100vw, 600px" /></figure>



<p><em>For english version see below</em></p>



<p></p>



<p><strong>In der EU profitieren nur „die da oben“! Ist das so?</strong></p>



<p>Die EU wurde aus den Erfahrungen zweier Weltkriege gegründet. Frieden, Stabilität und Wohlstand kann auf Dauer nur gemeinsam und für alle geschaffen werden. Dies funktioniert nur, wenn gleiche Rechte gelten und die Schwachen der Gesellschaft nicht allein gelassen werden<em>.</em></p>



<p>Zahlreiche Programme und Initiativen, sorgen dafür, dass sich die Lebensqualität für die EU-Bürger*innen verbessert, das Wirtschaftswachstums gefördert wird und benachteiligte Regionen mit Regionalfonds unterstützt werden. Auch Kieze in Berlin, die besondere soziale Herausforderungen haben, werden mit besonderen EU-Programmen, wie dem Quartiersmanagement gefördert. Somit ist die EU darauf ausgelegt, den Wohlstand für möglichst viele Menschen zu erhöhen und den weniger privilegierten Gruppen zu helfen.</p>



<p></p>



<p><em>Sie befinden sich an der <strong>griechischen Tafel</strong> des PFAD DER VISIONÄRE (m/w/d).</em></p>



<p></p>



<p>Griechenland ist am 1. Januar 1981 der EU beigetreten – als erstes Land Südosteuropas.</p>



<p>Wussten Sie, dass Griechenland über 6 000 Inseln hat? Bewohnt sind nur etwa 200. Es ist der größte Produzent von Schwämmen in Europa und hat keine einzige Wüste, aber rund 250 Sonnentage im Jahr. Die griechische Sprache ist eine der ältesten, die heute noch gesprochen wird.<br>Mit EU-Mitteln wurde die Akropolis beleuchtet – heute strahlt sie in energieeffizientem LED-Licht und ist ein Symbol für die moderne Antike.</p>



<p></p>



<p><strong>Was verbindet uns?</strong><br>Antike trifft Gegenwart: Griechische Kultur prägt auch unser Bildungssystem. In der EU arbeiten wir z. B. bei Migrationsfragen, Klimaschutz und Tourismus eng zusammen. Viele Berliner*innen reisen nach Griechenland – oder haben familiäre Wurzeln dort.</p>



<p>Europa steht aktuell vor großen Herausforderungen. ZUSAMMEN können wir die Herausforderungen BESSER bestehen– gemeinsam können wir mehr bewegen! Mischen Sie sich ein und sprechen Sie zum Beispiel Ihre EU-Beauftragten in den Bezirksämtern an.</p>



<p></p>



<p><strong>In the EU, only “those at the top” benefit! Is that true?<br></strong>The EU was founded in response to the experiences of two world wars. Peace, stability and prosperity can only be built in the long term if they are created <strong>together and for everyone</strong>. This only works when equal rights apply and the most vulnerable in society are not left behind.</p>



<p>Numerous programs and initiatives help to improve the quality of life for EU citizens, boost economic growth and support disadvantaged regions through regional funds. Even neighborhoods in Berlin that face particular social challenges receive targeted EU support through programs such as <strong>“Quartiersmanagement” (neighborhood management)</strong>. The EU is designed to increase prosperity for as many people as possible and to support less privileged groups.</p>



<p></p>



<p><em>You are standing at the <strong>Greek plaque</strong> of the PATH OF VISIONARIES.</em><br></p>



<p>Greece joined the EU on January 1, 1981 – the first country in Southeastern Europe to do so.</p>



<p>Did you know that Greece has over <strong>6,000 islands</strong>, of which only around 200 are inhabited? It is Europe’s largest producer of natural sponges, has no deserts, and enjoys around <strong>250 days of sunshine per year</strong>. The Greek language is one of the oldest languages still spoken today.</p>



<p>EU funding made it possible to illuminate the <strong>Acropolis</strong> – today it shines in energy-efficient LED light and has become a symbol of “modern antiquity.”</p>



<p></p>



<p><strong>What connects us?</strong><br>Ancient meets modern: Greek culture also shapes our education system. Within the EU, Germany and Greece work closely together on migration issues, climate protection and tourism. Many Berliners travel to Greece – or have family roots there.</p>



<p>Europe is currently facing major challenges. TOGETHER we can face them BETTER – united, we can achieve more! Get involved and talk to your EU representatives in the district offices, for example.</p>

<p>For english version see below In der EU profitieren nur „die da oben“! Ist das so? Die EU wurde aus den Erfahrungen zweier Weltkriege gegründet. Frieden,&#46;&#46;&#46;</p>
