{"id":1024,"date":"2025-10-10T12:04:46","date_gmt":"2025-10-10T12:04:46","guid":{"rendered":"https:\/\/pfaddervisionaere.de\/?page_id=1024"},"modified":"2025-10-10T13:04:12","modified_gmt":"2025-10-10T13:04:12","slug":"daenemark","status":"publish","type":"page","link":"https:\/\/pfaddervisionaere.de\/en\/daenemark","title":{"rendered":"D\u00e4nemark"},"content":{"rendered":"<figure class=\"wp-block-image size-full\"><img loading=\"lazy\" decoding=\"async\" width=\"600\" height=\"400\" src=\"https:\/\/pfaddervisionaere.de\/wp-content\/uploads\/2025\/09\/Flag_of_Denmark.png\" alt=\"\" class=\"wp-image-884\" srcset=\"https:\/\/pfaddervisionaere.de\/wp-content\/uploads\/2025\/09\/Flag_of_Denmark.png 600w, https:\/\/pfaddervisionaere.de\/wp-content\/uploads\/2025\/09\/Flag_of_Denmark-300x200.png 300w, https:\/\/pfaddervisionaere.de\/wp-content\/uploads\/2025\/09\/Flag_of_Denmark-18x12.png 18w, https:\/\/pfaddervisionaere.de\/wp-content\/uploads\/2025\/09\/Flag_of_Denmark-520x347.png 520w\" sizes=\"auto, (max-width: 600px) 100vw, 600px\" \/><\/figure>\n\n\n\n<p><em>For english version see below<\/em><\/p>\n\n\n\n<p><\/p>\n\n\n\n<p><strong>Die EU schreibt dem Handel zu viel vor! Ist das so?<\/strong><\/p>\n\n\n\n<p>Wussten Sie, dass die Wirtschaftskraft aller EU-L\u00e4nder noch deutlich steigen w\u00fcrde, wenn in der EU der freie Handel noch mehr unter gleichen Bedingungen geregelt w\u00e4re? Noch immer sind nicht alle Regelungen \u00fcberall gleich. Noch immer hat jedes Land viele eigene Vorgaben und Einfuhrregeln. Dies f\u00fchrt oft zu teureren Preisen im Vergleich zu Konkurrenzprodukten aus anderen L\u00e4ndern. Viele Produkte w\u00fcrden insgesamt g\u00fcnstiger werden k\u00f6nnen, wenn sie nicht f\u00fcr unterschiedliche L\u00e4nder unterschiedlich angepasst werden m\u00fcssten.<\/p>\n\n\n\n<p>Mit der EU konnten wir aber schon die allgemeine Warenqualit\u00e4t verbessern, geografische Ursprungsbezeichnung einf\u00fchren, regionale Landwirtschaft st\u00e4rken und die Marktmacht von Gro\u00dfkonzernen einschr\u00e4nken.<\/p>\n\n\n\n<p><\/p>\n\n\n\n<p><em>Sie befinden sich an der <strong>d\u00e4nischen Tafel<\/strong> des PFAD DER VISION\u00c4RE (m\/w\/d).<\/em><\/p>\n\n\n\n<p><\/p>\n\n\n\n<p>D\u00e4nemark trat 1973 der EU bei, zusammen mit Gro\u00dfbritannien, Irland und anderen Mitgliedstaaten. Zuvor war es bereits Mitglied der Europ\u00e4ischen Freihandelsassoziation (EFTA) und hat sich im Laufe der Jahre st\u00e4rker in den europ\u00e4ischen Binnenmarkt integriert.<\/p>\n\n\n\n<p>Wussten Sie, dass D\u00e4nemark das Konzept der Hygge kultiviert hat \u2013 eine Lebensart, die Gem\u00fctlichkeit, N\u00e4he und Wohlbefinden betont? Nein, kein Trick! Vielmehr ist D\u00e4nemark weltweit bekannt f\u00fcr seine designaffinen, funktionalen Produkte, z. B. bei M\u00f6beln und in der Architektur, die skandinavische Lebensweise verk\u00f6rpern.<br>Die EU half beim Bau der \u00d6resundbr\u00fccke \u2013 heute kann man in 35 Minuten von Kopenhagen nach Malm\u00f6 pendeln und dabei zwei L\u00e4nder an einem Arbeitstag erleben.<\/p>\n\n\n\n<p><\/p>\n\n\n\n<p><strong>Was verbindet uns?<\/strong><br>Deutschland und D\u00e4nemark arbeiten eng in Grenzregionen, Umwelt- und Energiepolitik, Verkehrsinfrastruktur und Kultur zusammen. Bilaterale Austauschprogramme, gemeinsame Grenzprozesse und der europ\u00e4ische Gedanke st\u00e4rken die Partnerschaft zwischen Berlin und Kopenhagen sowie zwischen St\u00e4dten wie Flensburg und Aarhus.<\/p>\n\n\n\n<p>Europa steht aktuell vor gro\u00dfen Herausforderungen. ZUSAMMEN k\u00f6nnen wir die Herausforderungen BESSER bestehen\u2013 gemeinsam k\u00f6nnen wir mehr bewegen! Mischen Sie sich ein und sprechen Sie zum Beispiel Ihre EU-Beauftragten in den Bezirks\u00e4mtern an.<\/p>\n\n\n\n<p><\/p>\n\n\n\n<p><strong>Is the EU dictating too much to trade? Is that so?<\/strong><\/p>\n\n\n\n<p>Did you know that the economic power of all EU countries would rise even more if free trade in the EU were regulated under even fairer conditions? Not all rules are uniform yet. Each country still has many own requirements and import rules. This often leads to higher prices compared with competing products from other countries. Many products could become cheaper overall if they did not have to be adapted differently for different countries. But with the EU we have already improved general goods quality, introduced geographical indications, strengthened regional agriculture, and limited the market power of large corporations.<\/p>\n\n\n\n<p><\/p>\n\n\n\n<p><em>You are at the <strong>Danish table<\/strong> of the PATH OF THE VISIONARIES.<\/em><\/p>\n\n\n\n<p><\/p>\n\n\n\n<p>Denmark joined the EU in 1973, along with the United Kingdom, Ireland, and other member states. Previously it was a member of the European Free Trade Association (EFTA) and has gradually integrated into the European internal market.<\/p>\n\n\n\n<p>Did you know that Denmark has cultivated the concept of Hygge \u2013 a lifestyle emphasizing coziness, closeness, and well-being? No trick! Denmark is worldwide known for its design-minded, functional products, e.g., in furniture and architecture, embodying the Scandinavian way of life. The EU helped build the \u00d8resund Bridge \u2013 today you can commute from Copenhagen to Malm\u00f6 in 35 minutes and experience two countries in one working day.<\/p>\n\n\n\n<p><\/p>\n\n\n\n<p><strong>What connects us?<\/strong> Germany and Denmark work closely in border regions, environmental and energy policy, transport infrastructure, and culture. Bilateral exchange programs, joint border processes, and the European idea strengthen the partnership between Berlin and Copenhagen as well as between cities like Flensburg and Aarhus.<\/p>\n\n\n\n<p>Europe currently faces major challenges. TOGETHER we can better meet the challenges \u2013 together we can move more! Get involved and, for example, speak to your EU commissioners in the district offices.<\/p>","protected":false},"excerpt":{"rendered":"<p>For english version see below Die EU schreibt dem Handel zu viel vor! Ist das so? Wussten Sie, dass die Wirtschaftskraft aller EU-L\u00e4nder noch deutlich steigen&#46;&#46;&#46;<\/p>","protected":false},"author":2,"featured_media":0,"parent":0,"menu_order":0,"comment_status":"closed","ping_status":"closed","template":"","meta":{"ub_ctt_via":"","pgc_sgb_lightbox_settings":"","footnotes":""},"class_list":["post-1024","page","type-page","status-publish","hentry"],"featured_image_src":null,"_links":{"self":[{"href":"https:\/\/pfaddervisionaere.de\/en\/wp-json\/wp\/v2\/pages\/1024","targetHints":{"allow":["GET"]}}],"collection":[{"href":"https:\/\/pfaddervisionaere.de\/en\/wp-json\/wp\/v2\/pages"}],"about":[{"href":"https:\/\/pfaddervisionaere.de\/en\/wp-json\/wp\/v2\/types\/page"}],"author":[{"embeddable":true,"href":"https:\/\/pfaddervisionaere.de\/en\/wp-json\/wp\/v2\/users\/2"}],"replies":[{"embeddable":true,"href":"https:\/\/pfaddervisionaere.de\/en\/wp-json\/wp\/v2\/comments?post=1024"}],"version-history":[{"count":2,"href":"https:\/\/pfaddervisionaere.de\/en\/wp-json\/wp\/v2\/pages\/1024\/revisions"}],"predecessor-version":[{"id":1092,"href":"https:\/\/pfaddervisionaere.de\/en\/wp-json\/wp\/v2\/pages\/1024\/revisions\/1092"}],"wp:attachment":[{"href":"https:\/\/pfaddervisionaere.de\/en\/wp-json\/wp\/v2\/media?parent=1024"}],"curies":[{"name":"wp","href":"https:\/\/api.w.org\/{rel}","templated":true}]}}

Dänemark

<figure class="wp-block-image size-full"><img loading="lazy" decoding="async" width="600" height="400" src="https://pfaddervisionaere.de/wp-content/uploads/2025/09/Flag_of_Denmark.png" alt="" class="wp-image-884" srcset="https://pfaddervisionaere.de/wp-content/uploads/2025/09/Flag_of_Denmark.png 600w, https://pfaddervisionaere.de/wp-content/uploads/2025/09/Flag_of_Denmark-300x200.png 300w, https://pfaddervisionaere.de/wp-content/uploads/2025/09/Flag_of_Denmark-18x12.png 18w, https://pfaddervisionaere.de/wp-content/uploads/2025/09/Flag_of_Denmark-520x347.png 520w" sizes="auto, (max-width: 600px) 100vw, 600px" /></figure>



<p><em>For english version see below</em></p>



<p></p>



<p><strong>Die EU schreibt dem Handel zu viel vor! Ist das so?</strong></p>



<p>Wussten Sie, dass die Wirtschaftskraft aller EU-Länder noch deutlich steigen würde, wenn in der EU der freie Handel noch mehr unter gleichen Bedingungen geregelt wäre? Noch immer sind nicht alle Regelungen überall gleich. Noch immer hat jedes Land viele eigene Vorgaben und Einfuhrregeln. Dies führt oft zu teureren Preisen im Vergleich zu Konkurrenzprodukten aus anderen Ländern. Viele Produkte würden insgesamt günstiger werden können, wenn sie nicht für unterschiedliche Länder unterschiedlich angepasst werden müssten.</p>



<p>Mit der EU konnten wir aber schon die allgemeine Warenqualität verbessern, geografische Ursprungsbezeichnung einführen, regionale Landwirtschaft stärken und die Marktmacht von Großkonzernen einschränken.</p>



<p></p>



<p><em>Sie befinden sich an der <strong>dänischen Tafel</strong> des PFAD DER VISIONÄRE (m/w/d).</em></p>



<p></p>



<p>Dänemark trat 1973 der EU bei, zusammen mit Großbritannien, Irland und anderen Mitgliedstaaten. Zuvor war es bereits Mitglied der Europäischen Freihandelsassoziation (EFTA) und hat sich im Laufe der Jahre stärker in den europäischen Binnenmarkt integriert.</p>



<p>Wussten Sie, dass Dänemark das Konzept der Hygge kultiviert hat – eine Lebensart, die Gemütlichkeit, Nähe und Wohlbefinden betont? Nein, kein Trick! Vielmehr ist Dänemark weltweit bekannt für seine designaffinen, funktionalen Produkte, z. B. bei Möbeln und in der Architektur, die skandinavische Lebensweise verkörpern.<br>Die EU half beim Bau der Öresundbrücke – heute kann man in 35 Minuten von Kopenhagen nach Malmö pendeln und dabei zwei Länder an einem Arbeitstag erleben.</p>



<p></p>



<p><strong>Was verbindet uns?</strong><br>Deutschland und Dänemark arbeiten eng in Grenzregionen, Umwelt- und Energiepolitik, Verkehrsinfrastruktur und Kultur zusammen. Bilaterale Austauschprogramme, gemeinsame Grenzprozesse und der europäische Gedanke stärken die Partnerschaft zwischen Berlin und Kopenhagen sowie zwischen Städten wie Flensburg und Aarhus.</p>



<p>Europa steht aktuell vor großen Herausforderungen. ZUSAMMEN können wir die Herausforderungen BESSER bestehen– gemeinsam können wir mehr bewegen! Mischen Sie sich ein und sprechen Sie zum Beispiel Ihre EU-Beauftragten in den Bezirksämtern an.</p>



<p></p>



<p><strong>Is the EU dictating too much to trade? Is that so?</strong></p>



<p>Did you know that the economic power of all EU countries would rise even more if free trade in the EU were regulated under even fairer conditions? Not all rules are uniform yet. Each country still has many own requirements and import rules. This often leads to higher prices compared with competing products from other countries. Many products could become cheaper overall if they did not have to be adapted differently for different countries. But with the EU we have already improved general goods quality, introduced geographical indications, strengthened regional agriculture, and limited the market power of large corporations.</p>



<p></p>



<p><em>You are at the <strong>Danish table</strong> of the PATH OF THE VISIONARIES.</em></p>



<p></p>



<p>Denmark joined the EU in 1973, along with the United Kingdom, Ireland, and other member states. Previously it was a member of the European Free Trade Association (EFTA) and has gradually integrated into the European internal market.</p>



<p>Did you know that Denmark has cultivated the concept of Hygge – a lifestyle emphasizing coziness, closeness, and well-being? No trick! Denmark is worldwide known for its design-minded, functional products, e.g., in furniture and architecture, embodying the Scandinavian way of life. The EU helped build the Øresund Bridge – today you can commute from Copenhagen to Malmö in 35 minutes and experience two countries in one working day.</p>



<p></p>



<p><strong>What connects us?</strong> Germany and Denmark work closely in border regions, environmental and energy policy, transport infrastructure, and culture. Bilateral exchange programs, joint border processes, and the European idea strengthen the partnership between Berlin and Copenhagen as well as between cities like Flensburg and Aarhus.</p>



<p>Europe currently faces major challenges. TOGETHER we can better meet the challenges – together we can move more! Get involved and, for example, speak to your EU commissioners in the district offices.</p>

<p>For english version see below Die EU schreibt dem Handel zu viel vor! Ist das so? Wussten Sie, dass die Wirtschaftskraft aller EU-Länder noch deutlich steigen&#46;&#46;&#46;</p>
