{"id":1020,"date":"2025-10-10T11:54:17","date_gmt":"2025-10-10T11:54:17","guid":{"rendered":"https:\/\/pfaddervisionaere.de\/?page_id=1020"},"modified":"2025-10-10T13:10:20","modified_gmt":"2025-10-10T13:10:20","slug":"luxemburg","status":"publish","type":"page","link":"https:\/\/pfaddervisionaere.de\/en\/luxemburg","title":{"rendered":"Luxemburg"},"content":{"rendered":"<figure class=\"wp-block-image size-full\"><img loading=\"lazy\" decoding=\"async\" width=\"600\" height=\"400\" src=\"https:\/\/pfaddervisionaere.de\/wp-content\/uploads\/2025\/09\/Flag_of_Luxembourg.png\" alt=\"\" class=\"wp-image-897\" srcset=\"https:\/\/pfaddervisionaere.de\/wp-content\/uploads\/2025\/09\/Flag_of_Luxembourg.png 600w, https:\/\/pfaddervisionaere.de\/wp-content\/uploads\/2025\/09\/Flag_of_Luxembourg-300x200.png 300w, https:\/\/pfaddervisionaere.de\/wp-content\/uploads\/2025\/09\/Flag_of_Luxembourg-18x12.png 18w, https:\/\/pfaddervisionaere.de\/wp-content\/uploads\/2025\/09\/Flag_of_Luxembourg-520x347.png 520w\" sizes=\"auto, (max-width: 600px) 100vw, 600px\" \/><\/figure>\n\n\n\n<p><em>For english version see below<\/em><\/p>\n\n\n\n<p><\/p>\n\n\n\n<p><strong>Die EU schreibt uns vor, wie viele Fl\u00fcchtlinge wir aufnehmen sollen! Ist das so?<\/strong><\/p>\n\n\n\n<p>Wussten Sie, dass die EU gar keine Quoten festlegt, die alle Mitgliedsstaaten verpflichten, eine bestimmte Anzahl von Fl\u00fcchtlingen aufzunehmen? Stattdessen gibt es bestimmte Verteilungsmechanismen und Empfehlungen, die in besonderen Situationen angewendet werden k\u00f6nnen, um die Lasten fair zu verteilen. Es handelt sich dabei nicht um dauerhafte Vorgaben, sondern eher um tempor\u00e4re Ma\u00dfnahmen, um akute Belastungen zu bew\u00e4ltigen.<\/p>\n\n\n\n<p><\/p>\n\n\n\n<p><em>Sie befinden sich an der <strong>luxemburgischen Tafel<\/strong> des PFAD DER VISION\u00c4RE (m\/w\/d).<\/em><\/p>\n\n\n\n<p><\/p>\n\n\n\n<p>Luxemburg ist ein Gr\u00fcndungsmitglied der EU seit 1957.<\/p>\n\n\n\n<p>Wussten Sie, dass Luxemburg eines der kleinsten L\u00e4nder Europas, aber weltweit f\u00fchrend im Finanzsektor ist? Es hat drei Amtssprachen: Luxemburgisch, Franz\u00f6sisch und Deutsch \u2013 was die multikulturelle Gesellschaft widerspiegelt.<br>Die EU finanziert ein Projekt zur Wiederansiedlung von Wildkatzen \u2013 heute streifen sie wieder durch die Ardennen.<\/p>\n\n\n\n<p><\/p>\n\n\n\n<p><strong>Was verbindet uns?<\/strong><br>Berlin und Luxemburg arbeiten eng in der EU-Politik zusammen. Luxemburg ist Sitz zahlreicher EU-Institutionen. Kulturell und wirtschaftlich gibt es viele Verbindungen, besonders im Bereich Finanztechnologie und Recht.<\/p>\n\n\n\n<p>Europa steht aktuell vor gro\u00dfen Herausforderungen. ZUSAMMEN k\u00f6nnen wir die Herausforderungen BESSER bestehen\u2013 gemeinsam k\u00f6nnen wir mehr bewegen! Mischen Sie sich ein und sprechen Sie zum Beispiel Ihre EU-Beauftragten in den Bezirks\u00e4mtern an.<\/p>\n\n\n\n<p><\/p>\n\n\n\n<p><strong>The EU dictates how many refugees we should take! Is that so?<\/strong><\/p>\n\n\n\n<p>Did you know that the EU does not set quotas that obligate all member states to take a certain number of refugees? Instead, there are distribution mechanisms and recommendations that can be applied in special situations to share the burdens fairly. These are not permanent requirements, but rather temporary measures to cope with acute pressures. Very unsatisfactory answer! Needs further work!<\/p>\n\n\n\n<p><\/p>\n\n\n\n<p><em>You are at the <strong>Luxembourgish table<\/strong> of the PATH OF THE VISIONARIES (m\/f\/d)<\/em><\/p>\n\n\n\n<p><\/p>\n\n\n\n<p>Luxembourg has been a founding member of the EU since 1957.<\/p>\n\n\n\n<p>Did you know that Luxembourg is one of the smallest countries in Europe, but worldwide a leader in the financial sector? It has three official languages: Luxembourgish, French, and German \u2013 reflecting the multicultural society. The EU funds a project to reintroduce wildcats \u2013 today they roam again through the Ardennes.<\/p>\n\n\n\n<p><\/p>\n\n\n\n<p><strong>What connects us?<\/strong> Berlin and Luxembourg work closely in EU policy. Luxembourg hosts numerous EU institutions. Culturally and economically there are many ties, especially in the areas of financial technology and law.<\/p>\n\n\n\n<p>Europe currently faces major challenges. TOGETHER we can better meet the challenges \u2013 together we can move more! Get involved and, for example, speak to your EU commissioners in the district offices.<\/p>","protected":false},"excerpt":{"rendered":"<p>For english version see below Die EU schreibt uns vor, wie viele Fl\u00fcchtlinge wir aufnehmen sollen! Ist das so? Wussten Sie, dass die EU gar keine&#46;&#46;&#46;<\/p>","protected":false},"author":2,"featured_media":0,"parent":0,"menu_order":0,"comment_status":"closed","ping_status":"closed","template":"","meta":{"ub_ctt_via":"","pgc_sgb_lightbox_settings":"","footnotes":""},"class_list":["post-1020","page","type-page","status-publish","hentry"],"featured_image_src":null,"_links":{"self":[{"href":"https:\/\/pfaddervisionaere.de\/en\/wp-json\/wp\/v2\/pages\/1020","targetHints":{"allow":["GET"]}}],"collection":[{"href":"https:\/\/pfaddervisionaere.de\/en\/wp-json\/wp\/v2\/pages"}],"about":[{"href":"https:\/\/pfaddervisionaere.de\/en\/wp-json\/wp\/v2\/types\/page"}],"author":[{"embeddable":true,"href":"https:\/\/pfaddervisionaere.de\/en\/wp-json\/wp\/v2\/users\/2"}],"replies":[{"embeddable":true,"href":"https:\/\/pfaddervisionaere.de\/en\/wp-json\/wp\/v2\/comments?post=1020"}],"version-history":[{"count":2,"href":"https:\/\/pfaddervisionaere.de\/en\/wp-json\/wp\/v2\/pages\/1020\/revisions"}],"predecessor-version":[{"id":1104,"href":"https:\/\/pfaddervisionaere.de\/en\/wp-json\/wp\/v2\/pages\/1020\/revisions\/1104"}],"wp:attachment":[{"href":"https:\/\/pfaddervisionaere.de\/en\/wp-json\/wp\/v2\/media?parent=1020"}],"curies":[{"name":"wp","href":"https:\/\/api.w.org\/{rel}","templated":true}]}}

<figure class="wp-block-image size-full"><img loading="lazy" decoding="async" width="600" height="400" src="https://pfaddervisionaere.de/wp-content/uploads/2025/09/Flag_of_Luxembourg.png" alt="" class="wp-image-897" srcset="https://pfaddervisionaere.de/wp-content/uploads/2025/09/Flag_of_Luxembourg.png 600w, https://pfaddervisionaere.de/wp-content/uploads/2025/09/Flag_of_Luxembourg-300x200.png 300w, https://pfaddervisionaere.de/wp-content/uploads/2025/09/Flag_of_Luxembourg-18x12.png 18w, https://pfaddervisionaere.de/wp-content/uploads/2025/09/Flag_of_Luxembourg-520x347.png 520w" sizes="auto, (max-width: 600px) 100vw, 600px" /></figure>



<p><em>For english version see below</em></p>



<p></p>



<p><strong>Die EU schreibt uns vor, wie viele Flüchtlinge wir aufnehmen sollen! Ist das so?</strong></p>



<p>Wussten Sie, dass die EU gar keine Quoten festlegt, die alle Mitgliedsstaaten verpflichten, eine bestimmte Anzahl von Flüchtlingen aufzunehmen? Stattdessen gibt es bestimmte Verteilungsmechanismen und Empfehlungen, die in besonderen Situationen angewendet werden können, um die Lasten fair zu verteilen. Es handelt sich dabei nicht um dauerhafte Vorgaben, sondern eher um temporäre Maßnahmen, um akute Belastungen zu bewältigen.</p>



<p></p>



<p><em>Sie befinden sich an der <strong>luxemburgischen Tafel</strong> des PFAD DER VISIONÄRE (m/w/d).</em></p>



<p></p>



<p>Luxemburg ist ein Gründungsmitglied der EU seit 1957.</p>



<p>Wussten Sie, dass Luxemburg eines der kleinsten Länder Europas, aber weltweit führend im Finanzsektor ist? Es hat drei Amtssprachen: Luxemburgisch, Französisch und Deutsch – was die multikulturelle Gesellschaft widerspiegelt.<br>Die EU finanziert ein Projekt zur Wiederansiedlung von Wildkatzen – heute streifen sie wieder durch die Ardennen.</p>



<p></p>



<p><strong>Was verbindet uns?</strong><br>Berlin und Luxemburg arbeiten eng in der EU-Politik zusammen. Luxemburg ist Sitz zahlreicher EU-Institutionen. Kulturell und wirtschaftlich gibt es viele Verbindungen, besonders im Bereich Finanztechnologie und Recht.</p>



<p>Europa steht aktuell vor großen Herausforderungen. ZUSAMMEN können wir die Herausforderungen BESSER bestehen– gemeinsam können wir mehr bewegen! Mischen Sie sich ein und sprechen Sie zum Beispiel Ihre EU-Beauftragten in den Bezirksämtern an.</p>



<p></p>



<p><strong>The EU dictates how many refugees we should take! Is that so?</strong></p>



<p>Did you know that the EU does not set quotas that obligate all member states to take a certain number of refugees? Instead, there are distribution mechanisms and recommendations that can be applied in special situations to share the burdens fairly. These are not permanent requirements, but rather temporary measures to cope with acute pressures. Very unsatisfactory answer! Needs further work!</p>



<p></p>



<p><em>You are at the <strong>Luxembourgish table</strong> of the PATH OF THE VISIONARIES (m/f/d)</em></p>



<p></p>



<p>Luxembourg has been a founding member of the EU since 1957.</p>



<p>Did you know that Luxembourg is one of the smallest countries in Europe, but worldwide a leader in the financial sector? It has three official languages: Luxembourgish, French, and German – reflecting the multicultural society. The EU funds a project to reintroduce wildcats – today they roam again through the Ardennes.</p>



<p></p>



<p><strong>What connects us?</strong> Berlin and Luxembourg work closely in EU policy. Luxembourg hosts numerous EU institutions. Culturally and economically there are many ties, especially in the areas of financial technology and law.</p>



<p>Europe currently faces major challenges. TOGETHER we can better meet the challenges – together we can move more! Get involved and, for example, speak to your EU commissioners in the district offices.</p>

<p>For english version see below Die EU schreibt uns vor, wie viele Flüchtlinge wir aufnehmen sollen! Ist das so? Wussten Sie, dass die EU gar keine&#46;&#46;&#46;</p>
