{"id":1018,"date":"2025-10-10T11:52:49","date_gmt":"2025-10-10T11:52:49","guid":{"rendered":"https:\/\/pfaddervisionaere.de\/?page_id=1018"},"modified":"2025-10-10T13:11:34","modified_gmt":"2025-10-10T13:11:34","slug":"niederlande","status":"publish","type":"page","link":"https:\/\/pfaddervisionaere.de\/en\/niederlande","title":{"rendered":"Niederlande"},"content":{"rendered":"<figure class=\"wp-block-image size-full\"><img loading=\"lazy\" decoding=\"async\" width=\"600\" height=\"400\" src=\"https:\/\/pfaddervisionaere.de\/wp-content\/uploads\/2025\/09\/Flag_of_the_Netherlands.png\" alt=\"\" class=\"wp-image-899\" srcset=\"https:\/\/pfaddervisionaere.de\/wp-content\/uploads\/2025\/09\/Flag_of_the_Netherlands.png 600w, https:\/\/pfaddervisionaere.de\/wp-content\/uploads\/2025\/09\/Flag_of_the_Netherlands-300x200.png 300w, https:\/\/pfaddervisionaere.de\/wp-content\/uploads\/2025\/09\/Flag_of_the_Netherlands-18x12.png 18w, https:\/\/pfaddervisionaere.de\/wp-content\/uploads\/2025\/09\/Flag_of_the_Netherlands-520x347.png 520w\" sizes=\"auto, (max-width: 600px) 100vw, 600px\" \/><\/figure>\n\n\n\n<p><em>For english version see below<\/em><\/p>\n\n\n\n<p><\/p>\n\n\n\n<p><strong>Ausl\u00e4ndische Billigl\u00f6hner nehmen uns die Arbeitspl\u00e4tze weg! Ist das so?<\/strong><\/p>\n\n\n\n<p>Wussten Sie, dass die Realit\u00e4t sich geradezu umgekehrt hat? Die Arbeitsmigration, z.B. aus Osteuropa, hat in den letzten Jahren eher dazu beigetragen, den Arbeitsmarkt zu erg\u00e4nzen, anstatt ihn zu verdr\u00e4ngen. Viele Menschen aus Osteuropa \u00fcbernehmen T\u00e4tigkeiten, die hierzulande schwer zu besetzen sind. Durch den demografischen Wandel und zum Schutz der Renten braucht Deutschland dringend Arbeitskr\u00e4fte und Facharbeitende.<\/p>\n\n\n\n<p><\/p>\n\n\n\n<p><em>Sie befinden sich an der <strong>niederl\u00e4ndischen Tafel<\/strong> des PFAD DER VISION\u00c4RE (m\/w\/d).<\/em><\/p>\n\n\n\n<p><\/p>\n\n\n\n<p>Die Niederlande sind Gr\u00fcndungsmitglied der EU \u2013 seit den R\u00f6mischen Vertr\u00e4gen von 1957.<\/p>\n\n\n\n<p>Wussten Sie, dass es in den Niederlanden mehr Fahrr\u00e4der als Menschen gibt? In den Niederlanden gibt es \u00fcber 23 Millionen R\u00e4der bei rund 18 Millionen Einwohnenden. Au\u00dferdem liegt fast ein Drittel des Landes unter dem Meeresspiegel \u2013 gesichert durch ein beeindruckendes System aus Deichen, Schleusen und Hightech-Wasserbau.<br>Die EU unterst\u00fctzt in Rotterdam die Entwicklung schwimmender H\u00e4user\u2013 eine Antwort auf den steigenden Meeresspiegel.<\/p>\n\n\n\n<p><\/p>\n\n\n\n<p><strong>Was verbindet uns?<\/strong><br>Berlin und Amsterdam sind kulturell eng verbunden \u2013 durch Design, Musik und Umweltinitiativen. Die Niederlande gelten als Vorbild f\u00fcr nachhaltige Stadtplanung und Radverkehr. In der EU arbeiten wir zusammen in Fragen wie Innovation, Digitalisierung und Rechtsstaatlichkeit.<\/p>\n\n\n\n<p>Europa steht aktuell vor gro\u00dfen Herausforderungen. ZUSAMMEN k\u00f6nnen wir die Herausforderungen BESSER bestehen\u2013 gemeinsam k\u00f6nnen wir mehr bewegen! Mischen Sie sich ein und sprechen Sie zum Beispiel Ihre EU-Beauftragten in den Bezirks\u00e4mtern an.<\/p>\n\n\n\n<p><\/p>\n\n\n\n<p><strong>Foreign low-wage workers are taking our jobs! Is that so?<\/strong><\/p>\n\n\n\n<p>Did you know that the reality has basically reversed? The labor migration, e.g., from Eastern Europe, has in recent years tended to complement the labor market rather than displace it. Many people from Eastern Europe take on jobs that are hard to fill here. Due to demographic change and to protect pensions, Germany urgently needs workers and skilled labor.<\/p>\n\n\n\n<p><\/p>\n\n\n\n<p><em>You are at the <strong>Dutch table<\/strong> of the PATH OF THE VISIONARIES.<\/em><\/p>\n\n\n\n<p><\/p>\n\n\n\n<p>The Netherlands is a founding member of the EU \u2013 since the Treaties of Rome in 1957.<\/p>\n\n\n\n<p>Did you know that there are more bicycles than people in the Netherlands? There are over 23 million bicycles among about 18 million inhabitants. Almost a third of the country lies below sea level \u2013 protected by an impressive system of dikes, locks, and high-tech flood control. The EU supports the development of floating houses in Rotterdam \u2013 a response to rising sea levels.<\/p>\n\n\n\n<p><\/p>\n\n\n\n<p><strong>What connects us?<\/strong> Berlin and Amsterdam are culturally close \u2013 through design, music, and environmental initiatives. The Netherlands is considered a model for sustainable urban planning and cycling infrastructure. In the EU we work together on issues such as innovation, digitalization, and the rule of law.<\/p>\n\n\n\n<p>Europe currently faces major challenges. TOGETHER we can better meet the challenges \u2013 together we can move more! Get involved and, for example, speak to your EU commissioners in the district offices.<\/p>","protected":false},"excerpt":{"rendered":"<p>For english version see below Ausl\u00e4ndische Billigl\u00f6hner nehmen uns die Arbeitspl\u00e4tze weg! Ist das so? Wussten Sie, dass die Realit\u00e4t sich geradezu umgekehrt hat? Die Arbeitsmigration,&#46;&#46;&#46;<\/p>","protected":false},"author":2,"featured_media":0,"parent":0,"menu_order":0,"comment_status":"closed","ping_status":"closed","template":"","meta":{"ub_ctt_via":"","pgc_sgb_lightbox_settings":"","footnotes":""},"class_list":["post-1018","page","type-page","status-publish","hentry"],"featured_image_src":null,"_links":{"self":[{"href":"https:\/\/pfaddervisionaere.de\/en\/wp-json\/wp\/v2\/pages\/1018","targetHints":{"allow":["GET"]}}],"collection":[{"href":"https:\/\/pfaddervisionaere.de\/en\/wp-json\/wp\/v2\/pages"}],"about":[{"href":"https:\/\/pfaddervisionaere.de\/en\/wp-json\/wp\/v2\/types\/page"}],"author":[{"embeddable":true,"href":"https:\/\/pfaddervisionaere.de\/en\/wp-json\/wp\/v2\/users\/2"}],"replies":[{"embeddable":true,"href":"https:\/\/pfaddervisionaere.de\/en\/wp-json\/wp\/v2\/comments?post=1018"}],"version-history":[{"count":2,"href":"https:\/\/pfaddervisionaere.de\/en\/wp-json\/wp\/v2\/pages\/1018\/revisions"}],"predecessor-version":[{"id":1106,"href":"https:\/\/pfaddervisionaere.de\/en\/wp-json\/wp\/v2\/pages\/1018\/revisions\/1106"}],"wp:attachment":[{"href":"https:\/\/pfaddervisionaere.de\/en\/wp-json\/wp\/v2\/media?parent=1018"}],"curies":[{"name":"wp","href":"https:\/\/api.w.org\/{rel}","templated":true}]}}

<figure class="wp-block-image size-full"><img loading="lazy" decoding="async" width="600" height="400" src="https://pfaddervisionaere.de/wp-content/uploads/2025/09/Flag_of_the_Netherlands.png" alt="" class="wp-image-899" srcset="https://pfaddervisionaere.de/wp-content/uploads/2025/09/Flag_of_the_Netherlands.png 600w, https://pfaddervisionaere.de/wp-content/uploads/2025/09/Flag_of_the_Netherlands-300x200.png 300w, https://pfaddervisionaere.de/wp-content/uploads/2025/09/Flag_of_the_Netherlands-18x12.png 18w, https://pfaddervisionaere.de/wp-content/uploads/2025/09/Flag_of_the_Netherlands-520x347.png 520w" sizes="auto, (max-width: 600px) 100vw, 600px" /></figure>



<p><em>For english version see below</em></p>



<p></p>



<p><strong>Ausländische Billiglöhner nehmen uns die Arbeitsplätze weg! Ist das so?</strong></p>



<p>Wussten Sie, dass die Realität sich geradezu umgekehrt hat? Die Arbeitsmigration, z.B. aus Osteuropa, hat in den letzten Jahren eher dazu beigetragen, den Arbeitsmarkt zu ergänzen, anstatt ihn zu verdrängen. Viele Menschen aus Osteuropa übernehmen Tätigkeiten, die hierzulande schwer zu besetzen sind. Durch den demografischen Wandel und zum Schutz der Renten braucht Deutschland dringend Arbeitskräfte und Facharbeitende.</p>



<p></p>



<p><em>Sie befinden sich an der <strong>niederländischen Tafel</strong> des PFAD DER VISIONÄRE (m/w/d).</em></p>



<p></p>



<p>Die Niederlande sind Gründungsmitglied der EU – seit den Römischen Verträgen von 1957.</p>



<p>Wussten Sie, dass es in den Niederlanden mehr Fahrräder als Menschen gibt? In den Niederlanden gibt es über 23 Millionen Räder bei rund 18 Millionen Einwohnenden. Außerdem liegt fast ein Drittel des Landes unter dem Meeresspiegel – gesichert durch ein beeindruckendes System aus Deichen, Schleusen und Hightech-Wasserbau.<br>Die EU unterstützt in Rotterdam die Entwicklung schwimmender Häuser– eine Antwort auf den steigenden Meeresspiegel.</p>



<p></p>



<p><strong>Was verbindet uns?</strong><br>Berlin und Amsterdam sind kulturell eng verbunden – durch Design, Musik und Umweltinitiativen. Die Niederlande gelten als Vorbild für nachhaltige Stadtplanung und Radverkehr. In der EU arbeiten wir zusammen in Fragen wie Innovation, Digitalisierung und Rechtsstaatlichkeit.</p>



<p>Europa steht aktuell vor großen Herausforderungen. ZUSAMMEN können wir die Herausforderungen BESSER bestehen– gemeinsam können wir mehr bewegen! Mischen Sie sich ein und sprechen Sie zum Beispiel Ihre EU-Beauftragten in den Bezirksämtern an.</p>



<p></p>



<p><strong>Foreign low-wage workers are taking our jobs! Is that so?</strong></p>



<p>Did you know that the reality has basically reversed? The labor migration, e.g., from Eastern Europe, has in recent years tended to complement the labor market rather than displace it. Many people from Eastern Europe take on jobs that are hard to fill here. Due to demographic change and to protect pensions, Germany urgently needs workers and skilled labor.</p>



<p></p>



<p><em>You are at the <strong>Dutch table</strong> of the PATH OF THE VISIONARIES.</em></p>



<p></p>



<p>The Netherlands is a founding member of the EU – since the Treaties of Rome in 1957.</p>



<p>Did you know that there are more bicycles than people in the Netherlands? There are over 23 million bicycles among about 18 million inhabitants. Almost a third of the country lies below sea level – protected by an impressive system of dikes, locks, and high-tech flood control. The EU supports the development of floating houses in Rotterdam – a response to rising sea levels.</p>



<p></p>



<p><strong>What connects us?</strong> Berlin and Amsterdam are culturally close – through design, music, and environmental initiatives. The Netherlands is considered a model for sustainable urban planning and cycling infrastructure. In the EU we work together on issues such as innovation, digitalization, and the rule of law.</p>



<p>Europe currently faces major challenges. TOGETHER we can better meet the challenges – together we can move more! Get involved and, for example, speak to your EU commissioners in the district offices.</p>

<p>For english version see below Ausländische Billiglöhner nehmen uns die Arbeitsplätze weg! Ist das so? Wussten Sie, dass die Realität sich geradezu umgekehrt hat? Die Arbeitsmigration,&#46;&#46;&#46;</p>
